*(-7 + 6)/(3/5). Suppose 120 = p + 4*m, 6*m - 570 = -f*p + m. List the prime factors of p.
2, 7
Suppose -3*g = -2*g. Suppose c - 36 - 39 = g. List the prime factors of c.
3, 5
Let y be (2 - -1)/((-6)/(-116)). Suppose 2*p + 6 = 0, 3*a - 41 = -p + y. List the prime factors of a.
2, 17
Let n = -2039 - -3307. What are the prime factors of n?
2, 317
Suppose -467 - 1221 = -8*b. List the prime factors of b.
211
Let q(b) = b + 8. Suppose 0 = 2*l - 3 + 19. Let c be q(l). Suppose c*x - 120 = -5*x. List the prime factors of x.
2, 3
Let n be 3*((3 - 0) + -1). Let z = n + 33. List the prime factors of z.
3, 13
Let x(g) = g**2 - 16*g + 18. Let d be x(15). Suppose -82 = -j - 0*y - d*y, -5*y = j - 92. List the prime factors of j.
67
Let y = 52 + -7. Let o = y - 28. List the prime factors of o.
17
Suppose -6*x + 3554 + 14506 = 0. What are the prime factors of x?
2, 5, 7, 43
Suppose -q = -3*x + 1321, 0*x + 4*q + 1764 = 4*x. List the prime factors of x.
2, 5, 11
Let r = -58 + 26. Let b = 17 + r. Let x = 38 + b. List the prime factors of x.
23
Let y(r) = 33*r. Let q be y(2). Suppose 4*j - 330 = q. What are the prime factors of j?
3, 11
Suppose 3*a + 2*a - 15 = 0. Suppose -a*p + 219 = -5*k + 781, 2*p + 228 = 2*k. List the prime factors of (k/15)/((-4)/(-6)).
11
Let g = 4 - -5. Let f = -9 + g. Suppose 60 = 5*t - f*t. What are the prime factors of t?
2, 3
Let b(m) = m - 2. Let j be -1 - (8 + 3 + -3). Let p = -3 - j. What are the prime factors of b(p)?
2
Let x = -7 - -10. Suppose 19 = -x*n - 2*m - 3, 4*n + 3*m + 28 = 0. What are the prime factors of (-6)/(-4)*n/(-3)?
5
Let g(i) = 18*i + 7. Let o be g(4). Suppose -x - 3*x = 3*j - o, -5 = -j. List the prime factors of x.
2
Let m = -2182 - -5494. List the prime factors of m.
2, 3, 23
Suppose -2*f - 3*b - 101 = 0, 5*f + 217 = f - 3*b. Let y = f - -84. What are the prime factors of y?
2, 13
List the prime factors of 834/9 - 15/9.
7, 13
Suppose -96 = 3*c + 6. Let n be (-1)/4 + c/(-8). Suppose n*v - 95 = -s, -107 = -5*v + 2*s + 2. List the prime factors of v.
23
Let g(s) = -s - 6. Let a be g(-9). What are the prime factors of (-10 - 0)/(a - 642/210)?
5, 7
Let z(t) = -t**2 + t - 1. Let w be z(-2). What are the prime factors of w + 60 + 3/(-1)?
2, 5
What are the prime factors of ((16332/(-9))/(-4))/(1/3)?
1361
Let o be (-1)/2*32/(-2). Suppose 0 = 4*y - o, 3*y - 51 = -0*f + 5*f. Let d = -4 - f. What are the prime factors of d?
5
Let p = 259 + -122. Let l = p - 74. List the prime factors of l.
3, 7
Suppose -3154 = 3*o - 11206. What are the prime factors of o?
2, 11, 61
Let d = 171 - -100. What are the prime factors of d?
271
Let v be (-16)/(-6)*(-6)/(-4). Suppose -4*k + 5*f = 2*f - 25, 5*k - v*f = 32. Let g(q) = 6*q + 3. List the prime factors of g(k).
3
Let l(u) = 3*u**2 - 15*u + 23. List the prime factors of l(15).
11, 43
Suppose -22 = -6*c + 8. Suppose -c*i + 3*q + 12 = -2*i, 2*i - 4*q - 12 = 0. Suppose -3*y + i*a = -141 - 0, -57 = -y + 4*a. List the prime factors of y.
3, 5
Let w = -648 + 110. List the prime factors of w/(-6) - 4/(4*-3).
2, 3, 5
Let o = -127 + 120. List the prime factors of (37/(-1) + 3)/(1/o).
2, 7, 17
Suppose 0 = -3*z + 16*z - 7007. What are the prime factors of z?
7, 11
Suppose -7*l + 3662 = 78. Suppose -108*x = -112*x + l. List the prime factors of x.
2
Let q = 15 - 7. Suppose r = -r + q. What are the prime factors of 2 + 7 - (-2 + r)?
7
Suppose 5*w = 143 + 27. Suppose -2*j + 7*j = 0, 5*j = -n + 14. Let d = w - n. What are the prime factors of d?
2, 5
Let u(y) = y + 1. Let b(s) = -2*s + 2. Suppose 8 = 3*f - 2*h - 0, 4*f + h = 7. Let j(x) = f*b(x) - 6*u(x). List the prime factors of j(-2).
2, 3
Let a be ((-14)/(-8) + -2)/(1/(-28)). Suppose 6*o - a*o = -92. What are the prime factors of o?
2, 23
Let c(g) = 9*g**2 + 4 - g**3 + 0*g**2 + 5 - 6*g. Suppose 0 = 5*i - 3*i - 16. List the prime factors of c(i).
5
Suppose -112 = 4*c + 2*x, -3*c = 4*x - 25 + 99. Let k be (14/(-35))/(2/c). Let a = k + 10. What are the prime factors of a?
2
Suppose 2*n + 65 = n + 5*k, 4*n = -2*k - 260. Let b = -8 - n. What are the prime factors of b?
3, 19
Let c be (-946)/121 - (-4)/(-22). Let m = -10 - c. List the prime factors of 2/(51/(-27) - m).
2, 3
Let n = 65 + -92. Let t be (-6)/n + 212/18. Let v(i) = 2*i - 3. What are the prime factors of v(t)?
3, 7
Let w be (4/8)/((-7)/(-518)). Suppose v + 2*t - 94 = -3*v, -2*v - 3*t + w = 0. What are the prime factors of v?
2, 13
Suppose 4*b = 4*r - 2560, 2*r - 1859 + 573 = -b. Suppose w - r = -5*h + 448, 2*w = h - 218. What are the prime factors of h?
2, 109
Let z(g) = 78*g**3 + 7*g**2 - 6*g + 6. What are the prime factors of z(2)?
2, 17, 19
Suppose -7*t + 0*t + 14 = 0. Suppose 0 = -6*w + w + 4*f + 63, t*f - 66 = -4*w. What are the prime factors of w?
3, 5
Let o(a) = a**3 + 16*a**2 + 13*a + 8. List the prime factors of o(-9).
2, 229
Let q(f) be the second derivative of f**4/8 - 3*f**3/2 + 3*f**2 - 4*f. Let w(v) be the first derivative of q(v). What are the prime factors of w(6)?
3
Suppose 0 = 3*j + 4*v - 3, 4*j - 29 = 3*v - 0*v. What are the prime factors of j/(35/(-3)) + 1123/7?
2, 5
Suppose 272 = m + 3*m. Suppose 4*z - 2*z = k - m, -k + 66 = -3*z. Let j = k + -35. List the prime factors of j.
37
Let n(k) = k**3 + 3*k**2 - 5*k - 2. Let h be n(-4). Let v = 42 - -10. Suppose 2*l - h*x = 62, -4*l = -5*x - v - 75. List the prime factors of l.
2, 7
Let s be 10/(-2) + (-6 - -17). List the prime factors of (s/15)/(-2 - (-33)/15).
2
Let j(l) = -10*l**2 + l + 5. Let y(i) = -30*i**2 + 4*i + 15. Let m(k) = 17*j(k) - 6*y(k). What are the prime factors of m(-3)?
2, 53
Suppose 2*s + 0*s = 5*a, 2*a + s + 9 = 0. List the prime factors of 74 - (3 - (-6)/a).
2, 37
Let m = 85 - 53. Let a = m + -10. What are the prime factors of a?
2, 11
Suppose 3*t = 5*a - 34, -4*t - 24 - 3 = -3*a. Let k be t/(0 + 2 + -3). Suppose 55 = k*s - 20. List the prime factors of s.
5
Suppose -4*p + 886 = -2*a, 3*a + 449 = -6*p + 8*p. List the prime factors of p.
2, 5, 11
Suppose 5*o = -4*x - 3627, -5*x - 19 = -o - 727. List the prime factors of o/(-12) - 6/(-8).
61
Suppose 4*b - 2*t = -74, -9 = 2*b + 4*t + 23. What are the prime factors of ((-232)/6)/(12/b)?
2, 29
Let y = -17 - -62. Let v = -17 + y. List the prime factors of v.
2, 7
Let y = 9 + -3. Suppose 2*s = -0*s - y. Let b(i) = i**3 + 6*i**2 - 5*i - 4. List the prime factors of b(s).
2, 19
Let g be 310*(4 - (-35)/(-10)). Let u = 352 - g. List the prime factors of u.
197
Suppose 645*m + 1066 = 647*m. What are the prime factors of m?
13, 41
Let j(f) = -2*f**2 - 15*f - 3. Let i be j(-7). Suppose -4*l + 3*q + 816 = 0, 3*q = -i*l + 2*l + 408. List the prime factors of l.
2, 3, 17
Let x(r) be the first derivative of -r**3/2 + 3*r**2 + 4*r - 3. Let j(k) be the first derivative of x(k). What are the prime factors of j(0)?
2, 3
Suppose 3*o - 9*o - 24 = 0. What are the prime factors of o*((-87)/10)/((-8)/(-20))?
3, 29
Let g = 1360 - 644. What are the prime factors of g?
2, 179
Suppose 44*x = 11046 + 75502. What are the prime factors of x?
7, 281
Suppose 12 + 6 = 9*q. Suppose 5*t + 5*p - 435 = 0, -t + q*p + 91 = p. List the prime factors of t.
89
What are the prime factors of 633/12*39 + (-9)/(-12)?
2, 3, 7
Let i(r) = -5*r + 2. Let y be i(-2). Let d = y - 7. Suppose -w = -5*c + 36, 4*c = d*w + 9 + 3. What are the prime factors of c?
2
Suppose 3*w - 5*u = 924, 0 = -3*w + 3*u + 1288 - 364. What are the prime factors of w?
2, 7, 11
Let c = -76 + 50. Suppose -78 = 6*z - 4*z. Let n = c - z. What are the prime factors of n?
13
Suppose c - 9 = -2*h + h, -2*c = -5*h + 10. Suppose -8*u = -h*u - 16. Suppose 160 = u*z - 2*j, 5*z - 190 - 20 = 5*j. List the prime factors of z.
2, 19
Let w = 702 + -54. Let z = w + -381. What are the prime factors of z?
3, 89
Let m = -27 + 15. Let j be (m/8)/((-1)/32). Suppose 2*u = 0, -4*u + 12 = -4*f + j. What are the prime factors of f?
3
What are the prime factors of (1 + -38)/(-4*5/320)?
2, 37
Let o(q) = -907*q - 4. Let l be o(-1). Suppose 0*z + 3*z - l = 0. List the prime factors of z.
7, 43
Let o = -1596 - -927. Let a = o - -958. List the prime factors of a.
17
Suppose -18*o + 3125 = -13*o. List the prime factors of o.
5
Let b(n) = 9*n**2 - 283*n - 6. What are the prime factors of b(-4)?
2, 5, 127
List the prime factors of -11 + 14 - -9*61.
2, 3, 23
List the